{"id":9287,"date":"2025-03-20T00:48:32","date_gmt":"2025-03-19T23:48:32","guid":{"rendered":"https:\/\/fondazionepasqualebattista.it\/congressobbcc2025\/?page_id=9287"},"modified":"2025-09-16T10:49:16","modified_gmt":"2025-09-16T08:49:16","slug":"premio-poster","status":"publish","type":"page","link":"https:\/\/fondazionepasqualebattista.it\/congressobbcc2025\/premio-poster\/","title":{"rendered":"Premio Poster"},"content":{"rendered":"\t\t<div data-elementor-type=\"wp-page\" data-elementor-id=\"9287\" class=\"elementor elementor-9287\" data-elementor-post-type=\"page\">\n\t\t\t\t\t\t<section class=\"elementor-section elementor-top-section elementor-element elementor-element-f5d2a47 elementor-section-boxed elementor-section-height-default elementor-section-height-default\" data-id=\"f5d2a47\" data-element_type=\"section\">\n\t\t\t\t\t\t<div class=\"elementor-container elementor-column-gap-default\">\n\t\t\t\t\t<div class=\"elementor-column elementor-col-50 elementor-top-column elementor-element elementor-element-372e863\" data-id=\"372e863\" data-element_type=\"column\">\n\t\t\t<div class=\"elementor-widget-wrap elementor-element-populated\">\n\t\t\t\t\t\t<div class=\"elementor-element elementor-element-8e5a789 animated-fast elementor-invisible elementor-widget elementor-widget-heading\" data-id=\"8e5a789\" data-element_type=\"widget\" data-settings=\"{&quot;_animation&quot;:&quot;slideInUp&quot;}\" data-widget_type=\"heading.default\">\n\t\t\t\t<div class=\"elementor-widget-container\">\n\t\t\t\t\t<h1 class=\"elementor-heading-title elementor-size-default\">PREMIO POSTER<\/h1>\t\t\t\t<\/div>\n\t\t\t\t<\/div>\n\t\t\t\t<div class=\"elementor-element elementor-element-fda91e8 animated-fast elementor-invisible elementor-widget elementor-widget-text-editor\" data-id=\"fda91e8\" data-element_type=\"widget\" data-settings=\"{&quot;_animation&quot;:&quot;slideInUp&quot;}\" data-widget_type=\"text-editor.default\">\n\t\t\t\t<div class=\"elementor-widget-container\">\n\t\t\t\t\t\t\t\t\t<p>Il premio di 200 euro sar\u00e0 attribuito al miglior poster. Una giuria composta dai membri del comitato scientifico del congresso, sceglier\u00e0 il miglior poster sulla base di contenuti, originalit\u00e0 dell\u2019argomento, qualit\u00e0 ed efficacia della comunicazione. Il miglior poster sar\u00e0 premiato durante il congresso.<\/p>\t\t\t\t\t\t\t\t<\/div>\n\t\t\t\t<\/div>\n\t\t\t\t\t<\/div>\n\t\t<\/div>\n\t\t\t\t<div class=\"elementor-column elementor-col-50 elementor-top-column elementor-element elementor-element-383ace9\" data-id=\"383ace9\" data-element_type=\"column\">\n\t\t\t<div class=\"elementor-widget-wrap\">\n\t\t\t\t\t\t\t<\/div>\n\t\t<\/div>\n\t\t\t\t\t<\/div>\n\t\t<\/section>\n\t\t\t\t<\/div>\n\t\t","protected":false},"excerpt":{"rendered":"<p>PREMIO POSTER Il premio di 200 euro sar\u00e0 attribuito al miglior poster. Una giuria composta dai membri del comitato scientifico del congresso, sceglier\u00e0 il miglior poster sulla base di contenuti, originalit\u00e0 dell\u2019argomento, qualit\u00e0 ed efficacia della comunicazione. Il miglior poster sar\u00e0 premiato durante il congresso.<\/p>\n","protected":false},"author":1,"featured_media":0,"parent":0,"menu_order":0,"comment_status":"closed","ping_status":"closed","template":"","meta":{"footnotes":""},"class_list":["post-9287","page","type-page","status-publish","hentry"],"_links":{"self":[{"href":"https:\/\/fondazionepasqualebattista.it\/congressobbcc2025\/wp-json\/wp\/v2\/pages\/9287","targetHints":{"allow":["GET"]}}],"collection":[{"href":"https:\/\/fondazionepasqualebattista.it\/congressobbcc2025\/wp-json\/wp\/v2\/pages"}],"about":[{"href":"https:\/\/fondazionepasqualebattista.it\/congressobbcc2025\/wp-json\/wp\/v2\/types\/page"}],"author":[{"embeddable":true,"href":"https:\/\/fondazionepasqualebattista.it\/congressobbcc2025\/wp-json\/wp\/v2\/users\/1"}],"replies":[{"embeddable":true,"href":"https:\/\/fondazionepasqualebattista.it\/congressobbcc2025\/wp-json\/wp\/v2\/comments?post=9287"}],"version-history":[{"count":17,"href":"https:\/\/fondazionepasqualebattista.it\/congressobbcc2025\/wp-json\/wp\/v2\/pages\/9287\/revisions"}],"predecessor-version":[{"id":10198,"href":"https:\/\/fondazionepasqualebattista.it\/congressobbcc2025\/wp-json\/wp\/v2\/pages\/9287\/revisions\/10198"}],"wp:attachment":[{"href":"https:\/\/fondazionepasqualebattista.it\/congressobbcc2025\/wp-json\/wp\/v2\/media?parent=9287"}],"curies":[{"name":"wp","href":"https:\/\/api.w.org\/{rel}","templated":true}]}}